ainder when 7255852 is divided by 17.
14
Calculate the remainder when 1328310 is divided by 5776.
5606
Calculate the remainder when 15148 is divided by 366.
142
What is the remainder when 16864769 is divided by 221?
38
Calculate the remainder when 31455761 is divided by 457.
451
Calculate the remainder when 81088259 is divided by 284.
11
What is the remainder when 9380630 is divided by 3605?
420
What is the remainder when 239605246 is divided by 223?
220
Calculate the remainder when 2071100 is divided by 913.
416
Calculate the remainder when 37375974 is divided by 1653.
1644
What is the remainder when 5257529 is divided by 896?
697
Calculate the remainder when 568920709 is divided by 838.
833
Calculate the remainder when 315958 is divided by 5642.
6
What is the remainder when 178049 is divided by 21543?
5705
Calculate the remainder when 26654 is divided by 12415.
1824
What is the remainder when 136867 is divided by 1013?
112
Calculate the remainder when 634351 is divided by 409.
401
Calculate the remainder when 107955 is divided by 412.
11
What is the remainder when 936958 is divided by 232627?
6450
Calculate the remainder when 1292333 is divided by 830.
23
Calculate the remainder when 9066034 is divided by 175.
159
What is the remainder when 18417195 is divided by 205?
200
What is the remainder when 52877 is divided by 687?
665
What is the remainder when 9073592 is divided by 444?
8
Calculate the remainder when 72027393 is divided by 793.
789
Calculate the remainder when 11714935 is divided by 6660.
6655
What is the remainder when 90520 is divided by 30103?
211
Calculate the remainder when 295622 is divided by 36.
26
Calculate the remainder when 97556 is divided by 96960.
596
Calculate the remainder when 11409 is divided by 149.
85
What is the remainder when 6503866 is divided by 437?
432
What is the remainder when 176302 is divided by 3148?
14
Calculate the remainder when 8020930 is divided by 1786.
4
What is the remainder when 38832781 is divided by 2?
1
Calculate the remainder when 135044727 is divided by 4067.
4059
What is the remainder when 678196 is divided by 9417?
172
What is the remainder when 760390 is divided by 494?
124
What is the remainder when 96152 is divided by 963?
815
What is the remainder when 237374 is divided by 237366?
8
Calculate the remainder when 457293 is divided by 8022.
39
What is the remainder when 628707 is divided by 209552?
51
Calculate the remainder when 1173880 is divided by 195546.
604
Calculate the remainder when 546029 is divided by 45.
44
Calculate the remainder when 62129106 is divided by 853.
851
Calculate the remainder when 476992767 is divided by 16.
15
What is the remainder when 7425294 is divided by 1018?
2
What is the remainder when 17985399 is divided by 669?
3
What is the remainder when 1962564 is divided by 4846?
4780
What is the remainder when 127149 is divided by 235?
14
Calculate the remainder when 2033776 is divided by 1177.
1097
What is the remainder when 201597 is divided by 100540?
517
Calculate the remainder when 2791131 is divided by 10.
1
What is the remainder when 152316 is divided by 415?
11
What is the remainder when 27148804 is divided by 1910?
64
Calculate the remainder when 61251486 is divided by 140808.
6
Calculate the remainder when 24049 is divided by 7997.
58
Calculate the remainder when 172193 is divided by 9270.
5333
Calculate the remainder when 217761 is divided by 108833.
95
What is the remainder when 6756426 is divided by 1276?
6
What is the remainder when 30182913 is divided by 882?
873
Calculate the remainder when 4088619 is divided by 4088615.
4
What is the remainder when 80612 is divided by 57?
14
What is the remainder when 11787262 is divided by 1290?
532
Calculate the remainder when 52726776 is divided by 1876.
1796
What is the remainder when 4726511 is divided by 1193?
1038
What is the remainder when 18655438 is divided by 9118?
10
What is the remainder when 2650293 is divided by 5663?
9
What is the remainder when 1887409 is divided by 17476?
1
Calculate the remainder when 56615960 is divided by 363.
302
Calculate the remainder when 135494 is divided by 135231.
263
Calculate the remainder when 179408357 is divided by 81.
80
Calculate the remainder when 132720 is divided by 43922.
954
Calculate the remainder when 39189 is divided by 2592.
309
What is the remainder when 925240 is divided by 462613?
14
Calculate the remainder when 27668942 is divided by 6966.
6956
What is the remainder when 14384994 is divided by 2054961?
267
What is the remainder when 388237804 is divided by 918?
916
Calculate the remainder when 7726610 is divided by 249245.
15
Calculate the remainder when 172580018 is divided by 57526672.
2
Calculate the remainder when 392060857 is divided by 4541.
4540
Calculate the remainder when 279605 is divided by 47.
2
Calculate the remainder when 176454 is divided by 7055.
79
What is the remainder when 32308397 is divided by 5835?
2
What is the remainder when 8496278 is divided by 14474?
40
What is the remainder when 4744693 is divided by 2791?
2784
What is the remainder when 3687725 is divided by 18166?
27
Calculate the remainder when 3171455 is divided by 102305.
0
What is the remainder when 5551799 is divided by 654?
647
What is the remainder when 3510403 is divided by 665?
533
What is the remainder when 11153976 is divided by 4400?
4376
What is the remainder when 157842 is divided by 39207?
1014
Calculate the remainder when 3287434 is divided by 86.
84
What is the remainder when 488075 is divided by 839?
616
What is the remainder when 4155551 is divided by 277?
274
What is the remainder when 78830 is divided by 78708?
122
Calculate the remainder when 228700 is divided by 231.
10
Calculate the remainder when 2325246 is divided by 1162568.
110
What is the remainder when 99869 is divided by 3423?
602
Calculate the remainder when 466042 is divided by 5492.
4714
Calculate the remainder when 614007 is divided by 29238.
9
What is the remainder when 3895370 is divided by 61?
32
What is the remainder when 7261777 is divided by 5289?
5269
Calculate the remainder when 5455859 is divided by 952.
899
Calculate the remainder when 580927 is divided by 24203.
55
What is the remainder when 684126 is divided by 214?
182
Calculate the remainder when 12958207 is divided by 1881.
1879
Calculate the remainder when 1122206 is divided by 10.
6
Calculate the remainder when 505705 is divided by 1304.
1057
What is the remainder when 55863178 is divided by 243944?
2
What is the remainder when 3173097 is divided by 793135?
557
What is the remainder when 1134279 is divided by 26376?
111
What is the remainder when 129365 is divided by 3659?
1300
Calculate the remainder when 2115834 is divided by 276.
18
What is the remainder when 8613630 is divided by 8?
6
What is the remainder when 45692613 is divided by 482?
459
What is the remainder when 272655 is divided by 474?
105
What is the remainder when 5495 is divided by 1212?
647
Calculate the remainder when 717105 is divided by 893.
26
What is the remainder when 24155 is divided by 8015?
110
What is the remainder when 3138192 is divided by 803?
68
What is the remainder when 9398476 is divided by 51?
43
Calculate the remainder when 29941 is divided by 5300.
3441
What is the remainder when 58120498 is divided by 29060247?
4
What is the remainder when 328821 is divided by 41097?
45
Calculate the remainder when 4358602 is divided by 273.
157
What is the remainder when 13466569 is divided by 81?
76
What is the remainder when 270040655 is divided by 48?
47
Calculate the remainder when 1197314 is divided by 1068.
86
What is the remainder when 14190457 is divided by 894?
889
Calculate the remainder when 54971 is divided by 27428.
115
What is the remainder when 32742657 is divided by 796?
789
Calculate the remainder when 3370709 is divided by 4586.
4585
Calculate the remainder when 2791438 is divided by 269.
25
What is the remainder when 1063079 is divided by 383?
254
Calculate the remainder when 2411528 is divided by 1165.
1143
Calculate the remainder when 1114286 is divided by 4493.
22
What is the remainder when 1710147 is divided by 10?
7
What is the remainder when 148817 is divided by 37?
3
What is the remainder when 2008026 is divided b